remainder when 21 is divided by 12?
9
Calculate the remainder when 4488 is divided by 214.
208
What is the remainder when 1657 is divided by 45?
37
What is the remainder when 591 is divided by 18?
15
What is the remainder when 133 is divided by 67?
66
What is the remainder when 1279 is divided by 7?
5
Calculate the remainder when 1015 is divided by 12.
7
Calculate the remainder when 224 is divided by 13.
3
Calculate the remainder when 1302 is divided by 87.
84
Calculate the remainder when 46 is divided by 46.
0
Calculate the remainder when 542 is divided by 82.
50
Calculate the remainder when 604 is divided by 597.
7
What is the remainder when 265 is divided by 84?
13
Calculate the remainder when 26 is divided by 15.
11
Calculate the remainder when 247 is divided by 72.
31
Calculate the remainder when 1298 is divided by 87.
80
Calculate the remainder when 679 is divided by 31.
28
Calculate the remainder when 22 is divided by 13.
9
Calculate the remainder when 609 is divided by 52.
37
What is the remainder when 1116 is divided by 39?
24
What is the remainder when 956 is divided by 160?
156
Calculate the remainder when 44 is divided by 44.
0
What is the remainder when 47 is divided by 17?
13
Calculate the remainder when 61 is divided by 14.
5
What is the remainder when 122 is divided by 42?
38
Calculate the remainder when 140 is divided by 60.
20
What is the remainder when 183 is divided by 95?
88
Calculate the remainder when 361 is divided by 69.
16
What is the remainder when 347 is divided by 53?
29
Calculate the remainder when 2077 is divided by 160.
157
What is the remainder when 108 is divided by 33?
9
Calculate the remainder when 139 is divided by 14.
13
Calculate the remainder when 135 is divided by 61.
13
Calculate the remainder when 3561 is divided by 36.
33
What is the remainder when 2110 is divided by 151?
147
What is the remainder when 1900 is divided by 7?
3
What is the remainder when 25 is divided by 9?
7
What is the remainder when 839 is divided by 279?
2
What is the remainder when 1613 is divided by 95?
93
Calculate the remainder when 94 is divided by 34.
26
Calculate the remainder when 308 is divided by 33.
11
What is the remainder when 1356 is divided by 150?
6
Calculate the remainder when 25429 is divided by 44.
41
What is the remainder when 536 is divided by 188?
160
What is the remainder when 281 is divided by 41?
35
Calculate the remainder when 294 is divided by 155.
139
What is the remainder when 1517 is divided by 23?
22
What is the remainder when 28899 is divided by 170?
169
What is the remainder when 1191 is divided by 226?
61
Calculate the remainder when 993 is divided by 83.
80
What is the remainder when 949 is divided by 42?
25
Calculate the remainder when 326 is divided by 110.
106
Calculate the remainder when 284 is divided by 17.
12
What is the remainder when 343 is divided by 50?
43
What is the remainder when 887 is divided by 148?
147
Calculate the remainder when 1120 is divided by 138.
16
Calculate the remainder when 473 is divided by 23.
13
Calculate the remainder when 87 is divided by 36.
15
What is the remainder when 1195 is divided by 28?
19
Calculate the remainder when 212 is divided by 74.
64
Calculate the remainder when 124 is divided by 110.
14
Calculate the remainder when 172 is divided by 87.
85
What is the remainder when 1821 is divided by 905?
11
What is the remainder when 1456 is divided by 146?
142
Calculate the remainder when 315 is divided by 77.
7
What is the remainder when 159 is divided by 23?
21
What is the remainder when 37 is divided by 10?
7
What is the remainder when 341 is divided by 110?
11
Calculate the remainder when 121 is divided by 43.
35
Calculate the remainder when 193 is divided by 17.
6
Calculate the remainder when 453 is divided by 149.
6
Calculate the remainder when 327 is divided by 24.
15
Calculate the remainder when 697 is divided by 153.
85
Calculate the remainder when 778 is divided by 78.
76
Calculate the remainder when 429 is divided by 57.
30
What is the remainder when 459 is divided by 39?
30
Calculate the remainder when 1140 is divided by 130.
100
Calculate the remainder when 23 is divided by 12.
11
Calculate the remainder when 102 is divided by 6.
0
Calculate the remainder when 3426 is divided by 132.
126
What is the remainder when 927 is divided by 15?
12
Calculate the remainder when 1616 is divided by 116.
108
What is the remainder when 234 is divided by 6?
0
Calculate the remainder when 3869 is divided by 11.
8
What is the remainder when 470 is divided by 114?
14
Calculate the remainder when 981 is divided by 44.
13
What is the remainder when 243 is divided by 49?
47
What is the remainder when 23729 is divided by 10?
9
Calculate the remainder when 112 is divided by 67.
45
What is the remainder when 953 is divided by 11?
7
What is the remainder when 89 is divided by 36?
17
Calculate the remainder when 2527 is divided by 79.
78
What is the remainder when 435 is divided by 55?
50
What is the remainder when 184 is divided by 32?
24
What is the remainder when 50 is divided by 24?
2
Calculate the remainder when 40 is divided by 16.
8
Calculate the remainder when 458 is divided by 35.
3
Calculate the remainder when 111 is divided by 56.
55
Calculate the remainder when 420 is divided by 25.
20
Calculate the remainder when 648 is divided by 167.
147
Calculate the remainder when 1512 is divided by 51.
33
What is the remainder when 727 is divided by 43?
39
Calculate the remainder when 458 is divided by 60.
38
Calculate the remainder when 774 is divided by 243.
45
Calculate the remainder when 621 is divided by 202.
15
Calculate the remainder when 237 is divided by 14.
13
Calculate the remainder when 365 is divided by 170.
25
Calculate the remainder when 1126 is divided by 113.
109
Calculate the remainder when 38 is divided by 15.
8
Calculate the remainder when 5185 is divided by 6.
1
Calculate the remainder when 527 is divided by 9.
5
What is the remainder when 1351 is divided by 26?
25
What is the remainder when 377 is divided by 121?
14
Calculate the remainder when 35 is divided by 8.
3
Calculate the remainder when 194 is divided by 15.
14
Calculate the remainder when 42239 is divided by 53.
51
Calculate the remainder when 1367 is divided by 678.
11
Calculate the remainder when 342 is divided by 51.
36
Calculate the remainder when 8769 is divided by 204.
201
Calculate the remainder when 108 is divided by 6.
0
Calculate the remainder when 321 is divided by 158.
5
What is the remainder when 286 is divided by 24?
22
What is the remainder when 564 is divided by 27?
24
Calculate the remainder when 81 is divided by 3.
0
What is the remainder when 614 is divided by 22?
20
Calculate the remainder when 85 is divided by 8.
5
Calculate the remainder when 48 is divided by 5.
3
Calculate the remainder when 2111 is divided by 22.
21
What is the remainder when 339 is divided by 223?
116
What is the remainder when 20 is divided by 6?
2
Calculate the remainder when 435 is divided by 110.
105
Calculate the remainder when 3519 is divided by 40.
39
Calculate the remainder when 59 is divided by 1.
0
What is the remainder when 297 is divided by 43?
39
Calculate the remainder when 538 is divided by 49.
48
What is the remainder when 2579 is divided by 214?
11
What is the remainder when 816 is divided by 91?
88
What is the remainder when 94 is divided by 16?
14
What is the remainder when 727 is divided by 190?
157
Calculate the remainder when 462 is divided by 139.
45
Calculate the remainder when 1446 is divided by 717.
12
What is the remainder when 3077 is divided by 67?
62
Calculate the remainder when 3921 is divided by 279.
15
Calculate the remainder when 129 is divided by 34.
27
Calculate the remainder when 444 is divided by 24.
12
What is the remainder when 1266 is divided by 116?
106
Calculate the remainder when 1170 is divided by 65.
0
Calculate the remainder when 6872 is divided by 12.
8
What is the remainder when 218 is divided by 77?
64
What is the remainder when 12448 is divided by 235?
228
Calculate the remainder when 39 is divided by 29.
10
Calculate the remainder when 205 is divided by 9.
7
What is the remainder when 371 is divided by 12?
11
What is the remainder when 5152 is 